{"id":1019,"date":"2023-09-05T10:09:53","date_gmt":"2023-09-05T14:09:53","guid":{"rendered":"https:\/\/auditorescontadorestarija.org\/?page_id=1019"},"modified":"2023-09-05T10:22:34","modified_gmt":"2023-09-05T14:22:34","slug":"normas-internacionales","status":"publish","type":"page","link":"https:\/\/auditorescontadorestarija.org\/index.php\/normas-internacionales\/","title":{"rendered":"Normas Internacionales"},"content":{"rendered":"\n<div class=\"wp-block-uagb-container uagb-block-558c1ba7 alignfull uagb-is-root-container\"><div class=\"uagb-container-inner-blocks-wrap\">\n<div class=\"wp-block-uagb-container uagb-block-93699fd2\">\n<div class=\"wp-block-uagb-info-box uagb-block-9230c1fe uagb-infobox__content-wrap  uagb-infobox-icon-above-title uagb-infobox-image-valign-top\"><div class=\"uagb-ifb-content\"><div class=\"uagb-ifb-image-content\"><img decoding=\"async\" src=\"https:\/\/auditorescontadorestarija.org\/wp-content\/uploads\/2023\/09\/mundo.jpg\" alt=\"\" width=\"\" height=\"0\" loading=\"lazy\"\/><\/div><div class=\"uagb-ifb-title-wrap\"><h3 class=\"uagb-ifb-title\">Normas NIIF<\/h3><\/div><p class=\"uagb-ifb-desc\">Normas Internacionales de Informaci\u00f3n Financiera<\/p><div class=\"uagb-ifb-button-wrapper wp-block-button\"><a href=\"https:\/\/niif.info\/normas-niif-vigentes\/\" class=\"uagb-infobox-cta-link wp-block-button__link\" target=\"_blank\" rel=\"noopener noreferrer\" onclick=\"return true;\" alt=\"\"><span class=\"uagb-inline-editing\">Leer m\u00e1s<\/span><\/a><\/div><\/div><\/div>\n<\/div>\n\n\n\n<div class=\"wp-block-uagb-container uagb-block-ca1cadde\">\n<div class=\"wp-block-uagb-info-box uagb-block-eff7fcb8 uagb-infobox__content-wrap  uagb-infobox-icon-above-title uagb-infobox-image-valign-top\"><div class=\"uagb-ifb-content\"><div class=\"uagb-ifb-image-content\"><img decoding=\"async\" src=\"https:\/\/auditorescontadorestarija.org\/wp-content\/uploads\/2023\/09\/mundo.jpg\" alt=\"\" width=\"\" height=\"0\" loading=\"lazy\"\/><\/div><div class=\"uagb-ifb-title-wrap\"><h3 class=\"uagb-ifb-title\">C\u00f3digo Internacional de \u00c9tica<\/h3><\/div><p class=\"uagb-ifb-desc\">Manual del C\u00f3digo Internacional de \u00c9tica para Contadores Profesionales<br>Edici\u00f3n 2021<\/p><div class=\"uagb-ifb-button-wrapper wp-block-button\"><a href=\"https:\/\/auditorescontadorestarija.org\/wp-content\/uploads\/2023\/09\/Codigo-Internacional-de-Etica-de-IFAC-2021.pdf\" class=\"uagb-infobox-cta-link wp-block-button__link\" target=\"_blank\" rel=\"noopener noreferrer\" onclick=\"return true;\" alt=\"\"><span class=\"uagb-inline-editing\">Leer m\u00e1s<\/span><\/a><\/div><\/div><\/div>\n<\/div>\n\n\n\n<div class=\"wp-block-uagb-container uagb-block-4b3a6f18\"><\/div>\n<\/div><\/div>\n","protected":false},"excerpt":{"rendered":"","protected":false},"author":1,"featured_media":0,"parent":0,"menu_order":0,"comment_status":"closed","ping_status":"closed","template":"","meta":{"_uag_custom_page_level_css":"","neve_meta_sidebar":"","neve_meta_container":"","neve_meta_enable_content_width":"","neve_meta_content_width":0,"neve_meta_title_alignment":"","neve_meta_author_avatar":"","neve_post_elements_order":"","neve_meta_disable_header":"","neve_meta_disable_footer":"","neve_meta_disable_title":"","_themeisle_gutenberg_block_has_review":false,"footnotes":""},"class_list":["post-1019","page","type-page","status-publish","hentry"],"uagb_featured_image_src":{"full":false,"thumbnail":false,"medium":false,"medium_large":false,"large":false,"1536x1536":false,"2048x2048":false,"neve-blog":false},"uagb_author_info":{"display_name":"admin","author_link":"https:\/\/auditorescontadorestarija.org\/index.php\/author\/admin\/"},"uagb_comment_info":0,"uagb_excerpt":null,"_links":{"self":[{"href":"https:\/\/auditorescontadorestarija.org\/index.php\/wp-json\/wp\/v2\/pages\/1019","targetHints":{"allow":["GET"]}}],"collection":[{"href":"https:\/\/auditorescontadorestarija.org\/index.php\/wp-json\/wp\/v2\/pages"}],"about":[{"href":"https:\/\/auditorescontadorestarija.org\/index.php\/wp-json\/wp\/v2\/types\/page"}],"author":[{"embeddable":true,"href":"https:\/\/auditorescontadorestarija.org\/index.php\/wp-json\/wp\/v2\/users\/1"}],"replies":[{"embeddable":true,"href":"https:\/\/auditorescontadorestarija.org\/index.php\/wp-json\/wp\/v2\/comments?post=1019"}],"version-history":[{"count":5,"href":"https:\/\/auditorescontadorestarija.org\/index.php\/wp-json\/wp\/v2\/pages\/1019\/revisions"}],"predecessor-version":[{"id":1027,"href":"https:\/\/auditorescontadorestarija.org\/index.php\/wp-json\/wp\/v2\/pages\/1019\/revisions\/1027"}],"wp:attachment":[{"href":"https:\/\/auditorescontadorestarija.org\/index.php\/wp-json\/wp\/v2\/media?parent=1019"}],"curies":[{"name":"wp","href":"https:\/\/api.w.org\/{rel}","templated":true}]}}